{"id":27,"date":"2022-02-08T10:09:09","date_gmt":"2022-02-08T09:09:09","guid":{"rendered":"http:\/\/web35.server.inventmedia.de\/?page_id=27"},"modified":"2022-09-09T11:48:55","modified_gmt":"2022-09-09T09:48:55","slug":"e-learning","status":"publish","type":"page","link":"https:\/\/www.mele.de\/akademie\/e-learning\/","title":{"rendered":"E-Learning"},"content":{"rendered":"\t\t<div data-elementor-type=\"wp-page\" data-elementor-id=\"27\" class=\"elementor elementor-27\" data-elementor-post-type=\"page\">\n\t\t\t\t\t\t<section class=\"elementor-section elementor-top-section elementor-element elementor-element-1a766126 elementor-section-boxed elementor-section-height-default elementor-section-height-default\" data-id=\"1a766126\" data-element_type=\"section\" data-e-type=\"section\">\n\t\t\t\t\t\t<div class=\"elementor-container elementor-column-gap-default\">\n\t\t\t\t\t<div class=\"elementor-column elementor-col-100 elementor-top-column elementor-element elementor-element-4ee078c5\" data-id=\"4ee078c5\" data-element_type=\"column\" data-e-type=\"column\" data-settings=\"{&quot;background_background&quot;:&quot;classic&quot;}\">\n\t\t\t<div class=\"elementor-widget-wrap elementor-element-populated\">\n\t\t\t\t\t\t<div class=\"elementor-element elementor-element-3cb1c62 elementor-position-inline-start keep-icon-box-left elementor-view-default elementor-mobile-position-block-start elementor-widget elementor-widget-icon-box\" data-id=\"3cb1c62\" data-element_type=\"widget\" data-e-type=\"widget\" data-widget_type=\"icon-box.default\">\n\t\t\t\t<div class=\"elementor-widget-container\">\n\t\t\t\t\t\t\t<div class=\"elementor-icon-box-wrapper\">\n\n\t\t\t\t\t\t<div class=\"elementor-icon-box-icon\">\n\t\t\t\t<span  class=\"elementor-icon\">\n\t\t\t\t<i aria-hidden=\"true\" class=\"fas fa-square-full\"><\/i>\t\t\t\t<\/span>\n\t\t\t<\/div>\n\t\t\t\n\t\t\t\t\t\t<div class=\"elementor-icon-box-content\">\n\n\t\t\t\t\t\t\t\t\t<h2 class=\"elementor-icon-box-title\">\n\t\t\t\t\t\t<span  >\n\t\t\t\t\t\t\tZiel der e-Learning Plattform\t\t\t\t\t\t<\/span>\n\t\t\t\t\t<\/h2>\n\t\t\t\t\n\t\t\t\t\n\t\t\t<\/div>\n\t\t\t\n\t\t<\/div>\n\t\t\t\t\t\t<\/div>\n\t\t\t\t<\/div>\n\t\t\t\t<div class=\"elementor-element elementor-element-81ea5a6 elementor-widget elementor-widget-text-editor\" data-id=\"81ea5a6\" data-element_type=\"widget\" data-e-type=\"widget\" data-widget_type=\"text-editor.default\">\n\t\t\t\t<div class=\"elementor-widget-container\">\n\t\t\t\t\t\t\t\t\t<p>Die Biogastechnologie ist von der Planung, Errichtung, Inbetriebnahme bis hin zur kontinuierlichen Betriebsf\u00fchrung und Wartung ein komplexes Unterfangen. Als Reaktion auf die nationale und internationale Knappheit an geeigneten Fachkr\u00e4ften bietet die ME-LE Akademie ein innovatives Ausbildungsangebot an, um den aktuellen Herausforderungen Herr zu werden.<br \/><br \/>Die E-Learning &#8211; Plattform dient der Vermittlung von Grundlagen- und Fachwissen und ist im Moment eine Erg\u00e4nzung zu den angebotenen Pr\u00e4senzseminaren und Lehrg\u00e4ngen. Zeitnah wird die E-Learning \u2013 Plattform ein unabh\u00e4ngiges Ausbildungs-Tool f\u00fcr Fern-Ausbildungslehrg\u00e4nge darstellen. Theorie, Praxiserfahrung und eine aufgenommene Videoreihe Dr. Michael Illigs werden als sinnvoll erg\u00e4nzendes und praxisnahes Lernmaterial angeboten. Der Nutzer erh\u00e4lt \u00fcber den Seminarraum hinaus Verwaltungsm\u00f6glichkeiten f\u00fcr seine Lerninhalte und Interaktionsm\u00f6glichkeiten zu weiteren Teilnehmern. Interaktive Online-R\u00e4ume helfen bei der einfachen Bedienung der Online-Plattform und erm\u00f6glichen eine vielseitige Vermittlung von Biogaswissen, Knowhow und Erfahrungsberichten.<\/p>\t\t\t\t\t\t\t\t<\/div>\n\t\t\t\t<\/div>\n\t\t\t\t<div class=\"elementor-element elementor-element-9f663f6 elementor-widget elementor-widget-spacer\" data-id=\"9f663f6\" data-element_type=\"widget\" data-e-type=\"widget\" data-widget_type=\"spacer.default\">\n\t\t\t\t<div class=\"elementor-widget-container\">\n\t\t\t\t\t\t\t<div class=\"elementor-spacer\">\n\t\t\t<div class=\"elementor-spacer-inner\"><\/div>\n\t\t<\/div>\n\t\t\t\t\t\t<\/div>\n\t\t\t\t<\/div>\n\t\t\t\t<div class=\"elementor-element elementor-element-ddbffc5 elementor-position-inline-start keep-icon-box-left elementor-view-default elementor-mobile-position-block-start elementor-widget elementor-widget-icon-box\" data-id=\"ddbffc5\" data-element_type=\"widget\" data-e-type=\"widget\" data-widget_type=\"icon-box.default\">\n\t\t\t\t<div class=\"elementor-widget-container\">\n\t\t\t\t\t\t\t<div class=\"elementor-icon-box-wrapper\">\n\n\t\t\t\t\t\t<div class=\"elementor-icon-box-icon\">\n\t\t\t\t<span  class=\"elementor-icon\">\n\t\t\t\t<i aria-hidden=\"true\" class=\"fas fa-square-full\"><\/i>\t\t\t\t<\/span>\n\t\t\t<\/div>\n\t\t\t\n\t\t\t\t\t\t<div class=\"elementor-icon-box-content\">\n\n\t\t\t\t\t\t\t\t\t<h2 class=\"elementor-icon-box-title\">\n\t\t\t\t\t\t<span  >\n\t\t\t\t\t\t\tFunktionen der e-Learning Plattform\t\t\t\t\t\t<\/span>\n\t\t\t\t\t<\/h2>\n\t\t\t\t\n\t\t\t\t\n\t\t\t<\/div>\n\t\t\t\n\t\t<\/div>\n\t\t\t\t\t\t<\/div>\n\t\t\t\t<\/div>\n\t\t\t\t<div class=\"elementor-element elementor-element-d005da7 elementor-widget elementor-widget-text-editor\" data-id=\"d005da7\" data-element_type=\"widget\" data-e-type=\"widget\" data-widget_type=\"text-editor.default\">\n\t\t\t\t<div class=\"elementor-widget-container\">\n\t\t\t\t\t\t\t\t\t<p>Die E-Learning &#8211; Plattform der ME-LE Akademie baut auf dem bew\u00e4hrten Moodle &#8211; Kursmanagement- und Lernplattform &#8211; System auf. Aufgrund der langj\u00e4hrigen Entwicklung und der weltweiten Verbreitung sehen wir die Moodle &#8211; Plattform als geeignete Oberfl\u00e4che, Lerninhalte benutzerfreundlich anzubieten und zu verwalten. Ein zeit- und ortsunabh\u00e4ngiger Zugriff auf Lerninhalte und Kommunikationsmedien wird erm\u00f6glicht und erm\u00f6glicht dem Nutzer eine variable Gestaltung seines eigenen Lernfortschritts. Verschiedene Kursformate, Arbeitsmaterialien in Text-, Link- oder Dateiformat und die M\u00f6glichkeit der Nutzung von verschiedenen Lernaktivit\u00e4ten wie Foren, Zwischenpr\u00fcfungen, Aufgaben, Lexika und weitere erm\u00f6glichen einen abwechslungsreichen und zeitgem\u00e4\u00dfen Lernfortschritt. Die Lern-Plattform ist mit einem responsiven Design ausgestattet und browserbasiert, wodurch eine einfache Bedienung vom Desktop PC, Tablet und Smartphone erm\u00f6glicht wird.<\/p>\t\t\t\t\t\t\t\t<\/div>\n\t\t\t\t<\/div>\n\t\t\t\t<div class=\"elementor-element elementor-element-ac12f87 elementor-widget elementor-widget-image\" data-id=\"ac12f87\" data-element_type=\"widget\" data-e-type=\"widget\" data-widget_type=\"image.default\">\n\t\t\t\t<div class=\"elementor-widget-container\">\n\t\t\t\t\t\t\t\t\t\t\t\t\t\t\t\t<a href=\"https:\/\/e-learning.me-le.de\/login\/index.php\" target=\"_blank\">\n\t\t\t\t\t\t\t<img decoding=\"async\" width=\"316\" height=\"121\" src=\"https:\/\/www.mele.de\/akademie\/wp-content\/uploads\/2022\/09\/elearning.jpg\" class=\"attachment-full size-full wp-image-1195\" alt=\"\" srcset=\"https:\/\/www.mele.de\/akademie\/wp-content\/uploads\/2022\/09\/elearning.jpg 316w, https:\/\/www.mele.de\/akademie\/wp-content\/uploads\/2022\/09\/elearning-300x115.jpg 300w\" sizes=\"(max-width: 316px) 100vw, 316px\" \/>\t\t\t\t\t\t\t\t<\/a>\n\t\t\t\t\t\t\t\t\t\t\t\t\t\t\t<\/div>\n\t\t\t\t<\/div>\n\t\t\t\t<div class=\"elementor-element elementor-element-7b708dc elementor-widget elementor-widget-spacer\" data-id=\"7b708dc\" data-element_type=\"widget\" data-e-type=\"widget\" data-widget_type=\"spacer.default\">\n\t\t\t\t<div class=\"elementor-widget-container\">\n\t\t\t\t\t\t\t<div class=\"elementor-spacer\">\n\t\t\t<div class=\"elementor-spacer-inner\"><\/div>\n\t\t<\/div>\n\t\t\t\t\t\t<\/div>\n\t\t\t\t<\/div>\n\t\t\t\t\t<\/div>\n\t\t<\/div>\n\t\t\t\t\t<\/div>\n\t\t<\/section>\n\t\t\t\t<\/div>\n\t\t","protected":false},"excerpt":{"rendered":"<p>Ziel der e-Learning Plattform Die Biogastechnologie ist von der Planung, Errichtung, Inbetriebnahme bis hin zur kontinuierlichen Betriebsf\u00fchrung und Wartung ein komplexes Unterfangen. Als Reaktion auf die nationale und internationale Knappheit an geeigneten Fachkr\u00e4ften bietet die ME-LE Akademie ein innovatives Ausbildungsangebot an, um den aktuellen Herausforderungen Herr zu werden. Die E-Learning &#8211; Plattform dient der Vermittlung [&hellip;]<\/p>\n","protected":false},"author":2,"featured_media":1058,"parent":0,"menu_order":0,"comment_status":"closed","ping_status":"closed","template":"","meta":{"footnotes":""},"class_list":["post-27","page","type-page","status-publish","has-post-thumbnail","hentry"],"yoast_head":"<!-- This site is optimized with the Yoast SEO plugin v27.5 - https:\/\/yoast.com\/product\/yoast-seo-wordpress\/ -->\n<title>E-Learning - mele Akademie<\/title>\n<meta name=\"robots\" content=\"noindex, follow, max-snippet:-1, max-image-preview:large, max-video-preview:-1\" \/>\n<meta property=\"og:locale\" content=\"de_DE\" \/>\n<meta property=\"og:type\" content=\"article\" \/>\n<meta property=\"og:title\" content=\"E-Learning - mele Akademie\" \/>\n<meta property=\"og:description\" content=\"Ziel der e-Learning Plattform Die Biogastechnologie ist von der Planung, Errichtung, Inbetriebnahme bis hin zur kontinuierlichen Betriebsf\u00fchrung und Wartung ein komplexes Unterfangen. Als Reaktion auf die nationale und internationale Knappheit an geeigneten Fachkr\u00e4ften bietet die ME-LE Akademie ein innovatives Ausbildungsangebot an, um den aktuellen Herausforderungen Herr zu werden. Die E-Learning &#8211; Plattform dient der Vermittlung [&hellip;]\" \/>\n<meta property=\"og:url\" content=\"https:\/\/www.mele.de\/akademie\/e-learning\/\" \/>\n<meta property=\"og:site_name\" content=\"mele Akademie\" \/>\n<meta property=\"article:modified_time\" content=\"2022-09-09T09:48:55+00:00\" \/>\n<meta property=\"og:image\" content=\"https:\/\/www.mele.de\/akademie\/wp-content\/uploads\/2022\/09\/e-learning-scaled.jpg\" \/>\n\t<meta property=\"og:image:width\" content=\"2560\" \/>\n\t<meta property=\"og:image:height\" content=\"1709\" \/>\n\t<meta property=\"og:image:type\" content=\"image\/jpeg\" \/>\n<meta name=\"twitter:card\" content=\"summary_large_image\" \/>\n<meta name=\"twitter:label1\" content=\"Gesch\u00e4tzte Lesezeit\" \/>\n\t<meta name=\"twitter:data1\" content=\"2\u00a0Minuten\" \/>\n<script type=\"application\/ld+json\" class=\"yoast-schema-graph\">{\"@context\":\"https:\\\/\\\/schema.org\",\"@graph\":[{\"@type\":\"WebPage\",\"@id\":\"https:\\\/\\\/www.mele.de\\\/akademie\\\/e-learning\\\/\",\"url\":\"https:\\\/\\\/www.mele.de\\\/akademie\\\/e-learning\\\/\",\"name\":\"E-Learning - mele Akademie\",\"isPartOf\":{\"@id\":\"https:\\\/\\\/www.mele.de\\\/akademie\\\/#website\"},\"primaryImageOfPage\":{\"@id\":\"https:\\\/\\\/www.mele.de\\\/akademie\\\/e-learning\\\/#primaryimage\"},\"image\":{\"@id\":\"https:\\\/\\\/www.mele.de\\\/akademie\\\/e-learning\\\/#primaryimage\"},\"thumbnailUrl\":\"https:\\\/\\\/www.mele.de\\\/akademie\\\/wp-content\\\/uploads\\\/2022\\\/09\\\/e-learning-scaled.jpg\",\"datePublished\":\"2022-02-08T09:09:09+00:00\",\"dateModified\":\"2022-09-09T09:48:55+00:00\",\"breadcrumb\":{\"@id\":\"https:\\\/\\\/www.mele.de\\\/akademie\\\/e-learning\\\/#breadcrumb\"},\"inLanguage\":\"de\",\"potentialAction\":[{\"@type\":\"ReadAction\",\"target\":[\"https:\\\/\\\/www.mele.de\\\/akademie\\\/e-learning\\\/\"]}]},{\"@type\":\"ImageObject\",\"inLanguage\":\"de\",\"@id\":\"https:\\\/\\\/www.mele.de\\\/akademie\\\/e-learning\\\/#primaryimage\",\"url\":\"https:\\\/\\\/www.mele.de\\\/akademie\\\/wp-content\\\/uploads\\\/2022\\\/09\\\/e-learning-scaled.jpg\",\"contentUrl\":\"https:\\\/\\\/www.mele.de\\\/akademie\\\/wp-content\\\/uploads\\\/2022\\\/09\\\/e-learning-scaled.jpg\",\"width\":2560,\"height\":1709},{\"@type\":\"BreadcrumbList\",\"@id\":\"https:\\\/\\\/www.mele.de\\\/akademie\\\/e-learning\\\/#breadcrumb\",\"itemListElement\":[{\"@type\":\"ListItem\",\"position\":1,\"name\":\"Startseite\",\"item\":\"https:\\\/\\\/www.mele.de\\\/akademie\\\/\"},{\"@type\":\"ListItem\",\"position\":2,\"name\":\"E-Learning\"}]},{\"@type\":\"WebSite\",\"@id\":\"https:\\\/\\\/www.mele.de\\\/akademie\\\/#website\",\"url\":\"https:\\\/\\\/www.mele.de\\\/akademie\\\/\",\"name\":\"mele Akademie\",\"description\":\"\",\"publisher\":{\"@id\":\"https:\\\/\\\/www.mele.de\\\/akademie\\\/#organization\"},\"potentialAction\":[{\"@type\":\"SearchAction\",\"target\":{\"@type\":\"EntryPoint\",\"urlTemplate\":\"https:\\\/\\\/www.mele.de\\\/akademie\\\/?s={search_term_string}\"},\"query-input\":{\"@type\":\"PropertyValueSpecification\",\"valueRequired\":true,\"valueName\":\"search_term_string\"}}],\"inLanguage\":\"de\"},{\"@type\":\"Organization\",\"@id\":\"https:\\\/\\\/www.mele.de\\\/akademie\\\/#organization\",\"name\":\"Walther & Partner - Ingenieurb\u00fcro f\u00fcr Haus- und Versorgungstechnik GmbH\",\"url\":\"https:\\\/\\\/www.mele.de\\\/akademie\\\/\",\"logo\":{\"@type\":\"ImageObject\",\"inLanguage\":\"de\",\"@id\":\"https:\\\/\\\/www.mele.de\\\/akademie\\\/#\\\/schema\\\/logo\\\/image\\\/\",\"url\":\"https:\\\/\\\/www.mele.de\\\/akademie\\\/wp\\\/wp-content\\\/uploads\\\/2022\\\/02\\\/wp_logo.png\",\"contentUrl\":\"https:\\\/\\\/www.mele.de\\\/akademie\\\/wp\\\/wp-content\\\/uploads\\\/2022\\\/02\\\/wp_logo.png\",\"width\":354,\"height\":107,\"caption\":\"Walther & Partner - Ingenieurb\u00fcro f\u00fcr Haus- und Versorgungstechnik GmbH\"},\"image\":{\"@id\":\"https:\\\/\\\/www.mele.de\\\/akademie\\\/#\\\/schema\\\/logo\\\/image\\\/\"}}]}<\/script>\n<!-- \/ Yoast SEO plugin. -->","yoast_head_json":{"title":"E-Learning - mele Akademie","robots":{"index":"noindex","follow":"follow","max-snippet":"max-snippet:-1","max-image-preview":"max-image-preview:large","max-video-preview":"max-video-preview:-1"},"og_locale":"de_DE","og_type":"article","og_title":"E-Learning - mele Akademie","og_description":"Ziel der e-Learning Plattform Die Biogastechnologie ist von der Planung, Errichtung, Inbetriebnahme bis hin zur kontinuierlichen Betriebsf\u00fchrung und Wartung ein komplexes Unterfangen. Als Reaktion auf die nationale und internationale Knappheit an geeigneten Fachkr\u00e4ften bietet die ME-LE Akademie ein innovatives Ausbildungsangebot an, um den aktuellen Herausforderungen Herr zu werden. Die E-Learning &#8211; Plattform dient der Vermittlung [&hellip;]","og_url":"https:\/\/www.mele.de\/akademie\/e-learning\/","og_site_name":"mele Akademie","article_modified_time":"2022-09-09T09:48:55+00:00","og_image":[{"width":2560,"height":1709,"url":"https:\/\/www.mele.de\/akademie\/wp-content\/uploads\/2022\/09\/e-learning-scaled.jpg","type":"image\/jpeg"}],"twitter_card":"summary_large_image","twitter_misc":{"Gesch\u00e4tzte Lesezeit":"2\u00a0Minuten"},"schema":{"@context":"https:\/\/schema.org","@graph":[{"@type":"WebPage","@id":"https:\/\/www.mele.de\/akademie\/e-learning\/","url":"https:\/\/www.mele.de\/akademie\/e-learning\/","name":"E-Learning - mele Akademie","isPartOf":{"@id":"https:\/\/www.mele.de\/akademie\/#website"},"primaryImageOfPage":{"@id":"https:\/\/www.mele.de\/akademie\/e-learning\/#primaryimage"},"image":{"@id":"https:\/\/www.mele.de\/akademie\/e-learning\/#primaryimage"},"thumbnailUrl":"https:\/\/www.mele.de\/akademie\/wp-content\/uploads\/2022\/09\/e-learning-scaled.jpg","datePublished":"2022-02-08T09:09:09+00:00","dateModified":"2022-09-09T09:48:55+00:00","breadcrumb":{"@id":"https:\/\/www.mele.de\/akademie\/e-learning\/#breadcrumb"},"inLanguage":"de","potentialAction":[{"@type":"ReadAction","target":["https:\/\/www.mele.de\/akademie\/e-learning\/"]}]},{"@type":"ImageObject","inLanguage":"de","@id":"https:\/\/www.mele.de\/akademie\/e-learning\/#primaryimage","url":"https:\/\/www.mele.de\/akademie\/wp-content\/uploads\/2022\/09\/e-learning-scaled.jpg","contentUrl":"https:\/\/www.mele.de\/akademie\/wp-content\/uploads\/2022\/09\/e-learning-scaled.jpg","width":2560,"height":1709},{"@type":"BreadcrumbList","@id":"https:\/\/www.mele.de\/akademie\/e-learning\/#breadcrumb","itemListElement":[{"@type":"ListItem","position":1,"name":"Startseite","item":"https:\/\/www.mele.de\/akademie\/"},{"@type":"ListItem","position":2,"name":"E-Learning"}]},{"@type":"WebSite","@id":"https:\/\/www.mele.de\/akademie\/#website","url":"https:\/\/www.mele.de\/akademie\/","name":"mele Akademie","description":"","publisher":{"@id":"https:\/\/www.mele.de\/akademie\/#organization"},"potentialAction":[{"@type":"SearchAction","target":{"@type":"EntryPoint","urlTemplate":"https:\/\/www.mele.de\/akademie\/?s={search_term_string}"},"query-input":{"@type":"PropertyValueSpecification","valueRequired":true,"valueName":"search_term_string"}}],"inLanguage":"de"},{"@type":"Organization","@id":"https:\/\/www.mele.de\/akademie\/#organization","name":"Walther & Partner - Ingenieurb\u00fcro f\u00fcr Haus- und Versorgungstechnik GmbH","url":"https:\/\/www.mele.de\/akademie\/","logo":{"@type":"ImageObject","inLanguage":"de","@id":"https:\/\/www.mele.de\/akademie\/#\/schema\/logo\/image\/","url":"https:\/\/www.mele.de\/akademie\/wp\/wp-content\/uploads\/2022\/02\/wp_logo.png","contentUrl":"https:\/\/www.mele.de\/akademie\/wp\/wp-content\/uploads\/2022\/02\/wp_logo.png","width":354,"height":107,"caption":"Walther & Partner - Ingenieurb\u00fcro f\u00fcr Haus- und Versorgungstechnik GmbH"},"image":{"@id":"https:\/\/www.mele.de\/akademie\/#\/schema\/logo\/image\/"}}]}},"_links":{"self":[{"href":"https:\/\/www.mele.de\/akademie\/wp-json\/wp\/v2\/pages\/27","targetHints":{"allow":["GET"]}}],"collection":[{"href":"https:\/\/www.mele.de\/akademie\/wp-json\/wp\/v2\/pages"}],"about":[{"href":"https:\/\/www.mele.de\/akademie\/wp-json\/wp\/v2\/types\/page"}],"author":[{"embeddable":true,"href":"https:\/\/www.mele.de\/akademie\/wp-json\/wp\/v2\/users\/2"}],"replies":[{"embeddable":true,"href":"https:\/\/www.mele.de\/akademie\/wp-json\/wp\/v2\/comments?post=27"}],"version-history":[{"count":106,"href":"https:\/\/www.mele.de\/akademie\/wp-json\/wp\/v2\/pages\/27\/revisions"}],"predecessor-version":[{"id":1226,"href":"https:\/\/www.mele.de\/akademie\/wp-json\/wp\/v2\/pages\/27\/revisions\/1226"}],"wp:featuredmedia":[{"embeddable":true,"href":"https:\/\/www.mele.de\/akademie\/wp-json\/wp\/v2\/media\/1058"}],"wp:attachment":[{"href":"https:\/\/www.mele.de\/akademie\/wp-json\/wp\/v2\/media?parent=27"}],"curies":[{"name":"wp","href":"https:\/\/api.w.org\/{rel}","templated":true}]}}