{"id":21,"date":"2022-02-08T10:08:01","date_gmt":"2022-02-08T09:08:01","guid":{"rendered":"http:\/\/web35.server.inventmedia.de\/?page_id=21"},"modified":"2023-08-13T09:32:25","modified_gmt":"2023-08-13T07:32:25","slug":"ausbildung","status":"publish","type":"page","link":"https:\/\/www.mele.de\/akademie\/ausbildung\/","title":{"rendered":"Ausbildung"},"content":{"rendered":"\t\t<div data-elementor-type=\"wp-page\" data-elementor-id=\"21\" class=\"elementor elementor-21\" data-elementor-post-type=\"page\">\n\t\t\t\t\t\t<section class=\"elementor-section elementor-top-section elementor-element elementor-element-4e2d63e0 elementor-section-boxed elementor-section-height-default elementor-section-height-default\" data-id=\"4e2d63e0\" data-element_type=\"section\" data-e-type=\"section\">\n\t\t\t\t\t\t<div class=\"elementor-container elementor-column-gap-default\">\n\t\t\t\t\t<div class=\"elementor-column elementor-col-100 elementor-top-column elementor-element elementor-element-591f10b1\" data-id=\"591f10b1\" data-element_type=\"column\" data-e-type=\"column\" data-settings=\"{&quot;background_background&quot;:&quot;classic&quot;}\">\n\t\t\t<div class=\"elementor-widget-wrap elementor-element-populated\">\n\t\t\t\t\t\t<section class=\"elementor-section elementor-inner-section elementor-element elementor-element-2e6bfcf elementor-section-boxed elementor-section-height-default elementor-section-height-default\" data-id=\"2e6bfcf\" data-element_type=\"section\" data-e-type=\"section\">\n\t\t\t\t\t\t<div class=\"elementor-container elementor-column-gap-no\">\n\t\t\t\t\t<div class=\"elementor-column elementor-col-50 elementor-inner-column elementor-element elementor-element-b32364d\" data-id=\"b32364d\" data-element_type=\"column\" data-e-type=\"column\" data-settings=\"{&quot;background_background&quot;:&quot;classic&quot;}\">\n\t\t\t<div class=\"elementor-widget-wrap elementor-element-populated\">\n\t\t\t\t\t\t<div class=\"elementor-element elementor-element-38c6b3d elementor-position-inline-start keep-icon-box-left elementor-view-default elementor-mobile-position-block-start elementor-widget elementor-widget-icon-box\" data-id=\"38c6b3d\" data-element_type=\"widget\" data-e-type=\"widget\" data-widget_type=\"icon-box.default\">\n\t\t\t\t<div class=\"elementor-widget-container\">\n\t\t\t\t\t\t\t<div class=\"elementor-icon-box-wrapper\">\n\n\t\t\t\t\t\t<div class=\"elementor-icon-box-icon\">\n\t\t\t\t<span  class=\"elementor-icon\">\n\t\t\t\t<i aria-hidden=\"true\" class=\"fas fa-square-full\"><\/i>\t\t\t\t<\/span>\n\t\t\t<\/div>\n\t\t\t\n\t\t\t\t\t\t<div class=\"elementor-icon-box-content\">\n\n\t\t\t\t\t\t\t\t\t<h2 class=\"elementor-icon-box-title\">\n\t\t\t\t\t\t<span  >\n\t\t\t\t\t\t\tAngehende Land- und Energiewirte\t\t\t\t\t\t<\/span>\n\t\t\t\t\t<\/h2>\n\t\t\t\t\n\t\t\t\t\n\t\t\t<\/div>\n\t\t\t\n\t\t<\/div>\n\t\t\t\t\t\t<\/div>\n\t\t\t\t<\/div>\n\t\t\t\t<div class=\"elementor-element elementor-element-2211c66 elementor-widget elementor-widget-text-editor\" data-id=\"2211c66\" data-element_type=\"widget\" data-e-type=\"widget\" data-widget_type=\"text-editor.default\">\n\t\t\t\t<div class=\"elementor-widget-container\">\n\t\t\t\t\t\t\t\t\t<p>In Kooperation mit den Berufsschulen des Landes im Rahmen der dualen Berufsbildung als Schulversuch und Einbindung in den schulischen Regelbetrieb.<\/p>\t\t\t\t\t\t\t\t<\/div>\n\t\t\t\t<\/div>\n\t\t\t\t\t<\/div>\n\t\t<\/div>\n\t\t\t\t<div class=\"elementor-column elementor-col-50 elementor-inner-column elementor-element elementor-element-1802b3a\" data-id=\"1802b3a\" data-element_type=\"column\" data-e-type=\"column\" data-settings=\"{&quot;background_background&quot;:&quot;classic&quot;}\">\n\t\t\t<div class=\"elementor-widget-wrap elementor-element-populated\">\n\t\t\t\t\t\t<div class=\"elementor-element elementor-element-a770adf elementor-position-inline-start keep-icon-box-left elementor-view-default elementor-mobile-position-block-start elementor-widget elementor-widget-icon-box\" data-id=\"a770adf\" data-element_type=\"widget\" data-e-type=\"widget\" data-widget_type=\"icon-box.default\">\n\t\t\t\t<div class=\"elementor-widget-container\">\n\t\t\t\t\t\t\t<div class=\"elementor-icon-box-wrapper\">\n\n\t\t\t\t\t\t<div class=\"elementor-icon-box-icon\">\n\t\t\t\t<span  class=\"elementor-icon\">\n\t\t\t\t<i aria-hidden=\"true\" class=\"fas fa-square-full\"><\/i>\t\t\t\t<\/span>\n\t\t\t<\/div>\n\t\t\t\n\t\t\t\t\t\t<div class=\"elementor-icon-box-content\">\n\n\t\t\t\t\t\t\t\t\t<h2 class=\"elementor-icon-box-title\">\n\t\t\t\t\t\t<span  >\n\t\t\t\t\t\t\tAusbildung von P\u00e4dagogen f\u00fcr die Lehre von Anlagenmanagern\t\t\t\t\t\t<\/span>\n\t\t\t\t\t<\/h2>\n\t\t\t\t\n\t\t\t\t\n\t\t\t<\/div>\n\t\t\t\n\t\t<\/div>\n\t\t\t\t\t\t<\/div>\n\t\t\t\t<\/div>\n\t\t\t\t<div class=\"elementor-element elementor-element-80432b4 elementor-widget elementor-widget-text-editor\" data-id=\"80432b4\" data-element_type=\"widget\" data-e-type=\"widget\" data-widget_type=\"text-editor.default\">\n\t\t\t\t<div class=\"elementor-widget-container\">\n\t\t\t\t\t\t\t\t\t<p>Um den sicheren und wirtschaftlichen Betrieb von Biogasanlagen in Deutschland und weltweit auch in Zukunft sicherzustellen, werden zuk\u00fcnftige P\u00e4dagogen und Dozenten f\u00fcr den Unterricht an der ME-LE Akademie ausgebildet. Die Dauer der Ma\u00dfnahme richtet sich nach Inhalt und Detailgrad sowie den \u00f6rtlichen Gegebenheiten und den Voraussetzungen der Teilnehmer.<\/p>\t\t\t\t\t\t\t\t<\/div>\n\t\t\t\t<\/div>\n\t\t\t\t\t<\/div>\n\t\t<\/div>\n\t\t\t\t\t<\/div>\n\t\t<\/section>\n\t\t\t\t<div class=\"elementor-element elementor-element-1a9d33d elementor-widget elementor-widget-spacer\" data-id=\"1a9d33d\" data-element_type=\"widget\" data-e-type=\"widget\" data-widget_type=\"spacer.default\">\n\t\t\t\t<div class=\"elementor-widget-container\">\n\t\t\t\t\t\t\t<div class=\"elementor-spacer\">\n\t\t\t<div class=\"elementor-spacer-inner\"><\/div>\n\t\t<\/div>\n\t\t\t\t\t\t<\/div>\n\t\t\t\t<\/div>\n\t\t\t\t<section class=\"elementor-section elementor-inner-section elementor-element elementor-element-55066e3 elementor-section-boxed elementor-section-height-default elementor-section-height-default\" data-id=\"55066e3\" data-element_type=\"section\" data-e-type=\"section\">\n\t\t\t\t\t\t<div class=\"elementor-container elementor-column-gap-no\">\n\t\t\t\t\t<div class=\"elementor-column elementor-col-50 elementor-inner-column elementor-element elementor-element-6d8746a\" data-id=\"6d8746a\" data-element_type=\"column\" data-e-type=\"column\" data-settings=\"{&quot;background_background&quot;:&quot;classic&quot;}\">\n\t\t\t<div class=\"elementor-widget-wrap elementor-element-populated\">\n\t\t\t\t\t\t<div class=\"elementor-element elementor-element-f6c22a7 elementor-position-inline-start keep-icon-box-left elementor-view-default elementor-mobile-position-block-start elementor-widget elementor-widget-icon-box\" data-id=\"f6c22a7\" data-element_type=\"widget\" data-e-type=\"widget\" data-widget_type=\"icon-box.default\">\n\t\t\t\t<div class=\"elementor-widget-container\">\n\t\t\t\t\t\t\t<div class=\"elementor-icon-box-wrapper\">\n\n\t\t\t\t\t\t<div class=\"elementor-icon-box-icon\">\n\t\t\t\t<span  class=\"elementor-icon\">\n\t\t\t\t<i aria-hidden=\"true\" class=\"fas fa-square-full\"><\/i>\t\t\t\t<\/span>\n\t\t\t<\/div>\n\t\t\t\n\t\t\t\t\t\t<div class=\"elementor-icon-box-content\">\n\n\t\t\t\t\t\t\t\t\t<h2 class=\"elementor-icon-box-title\">\n\t\t\t\t\t\t<span  >\n\t\t\t\t\t\t\tAnlagenmanager f\u00fcr Biogasanlagen\t\t\t\t\t\t<\/span>\n\t\t\t\t\t<\/h2>\n\t\t\t\t\n\t\t\t\t\n\t\t\t<\/div>\n\t\t\t\n\t\t<\/div>\n\t\t\t\t\t\t<\/div>\n\t\t\t\t<\/div>\n\t\t\t\t<div class=\"elementor-element elementor-element-8aaadb3 elementor-widget elementor-widget-text-editor\" data-id=\"8aaadb3\" data-element_type=\"widget\" data-e-type=\"widget\" data-widget_type=\"text-editor.default\">\n\t\t\t\t<div class=\"elementor-widget-container\">\n\t\t\t\t\t\t\t\t\t<p>Im Rahmen einer berufspraktischen Qualifizierung werden im In- und Ausland Anlagenmanager f\u00fcr Biogasanlagen in 4 Monaten mittels Vorlesungen, Seminaren und einem Praktikum geschult.<\/p>\t\t\t\t\t\t\t\t<\/div>\n\t\t\t\t<\/div>\n\t\t\t\t\t<\/div>\n\t\t<\/div>\n\t\t\t\t<div class=\"elementor-column elementor-col-50 elementor-inner-column elementor-element elementor-element-daebc8c\" data-id=\"daebc8c\" data-element_type=\"column\" data-e-type=\"column\" data-settings=\"{&quot;background_background&quot;:&quot;classic&quot;}\">\n\t\t\t<div class=\"elementor-widget-wrap elementor-element-populated\">\n\t\t\t\t\t\t<div class=\"elementor-element elementor-element-545b9b5 elementor-position-inline-start keep-icon-box-left elementor-view-default elementor-mobile-position-block-start elementor-widget elementor-widget-icon-box\" data-id=\"545b9b5\" data-element_type=\"widget\" data-e-type=\"widget\" data-widget_type=\"icon-box.default\">\n\t\t\t\t<div class=\"elementor-widget-container\">\n\t\t\t\t\t\t\t<div class=\"elementor-icon-box-wrapper\">\n\n\t\t\t\t\t\t<div class=\"elementor-icon-box-icon\">\n\t\t\t\t<span  class=\"elementor-icon\">\n\t\t\t\t<i aria-hidden=\"true\" class=\"fas fa-square-full\"><\/i>\t\t\t\t<\/span>\n\t\t\t<\/div>\n\t\t\t\n\t\t\t\t\t\t<div class=\"elementor-icon-box-content\">\n\n\t\t\t\t\t\t\t\t\t<h2 class=\"elementor-icon-box-title\">\n\t\t\t\t\t\t<span  >\n\t\t\t\t\t\t\tFbW-Ma\u00dfnahmen nach AZAV\t\t\t\t\t\t<\/span>\n\t\t\t\t\t<\/h2>\n\t\t\t\t\n\t\t\t\t\n\t\t\t<\/div>\n\t\t\t\n\t\t<\/div>\n\t\t\t\t\t\t<\/div>\n\t\t\t\t<\/div>\n\t\t\t\t<div class=\"elementor-element elementor-element-36b51ac elementor-widget elementor-widget-text-editor\" data-id=\"36b51ac\" data-element_type=\"widget\" data-e-type=\"widget\" data-widget_type=\"text-editor.default\">\n\t\t\t\t<div class=\"elementor-widget-container\">\n\t\t\t\t\t\t\t\t\t<p>Nach 4 Monaten Ausbildung im Rahmen einer FbW-Ma\u00dfnahme nach AZAV erhalten die Teilnehmer nach einer Abschlusspr\u00fcfung ein Diplom sowie ein IHK-Zertifikat.<\/p>\t\t\t\t\t\t\t\t<\/div>\n\t\t\t\t<\/div>\n\t\t\t\t\t<\/div>\n\t\t<\/div>\n\t\t\t\t\t<\/div>\n\t\t<\/section>\n\t\t\t\t<div class=\"elementor-element elementor-element-634f44cc elementor-widget elementor-widget-spacer\" data-id=\"634f44cc\" data-element_type=\"widget\" data-e-type=\"widget\" data-widget_type=\"spacer.default\">\n\t\t\t\t<div class=\"elementor-widget-container\">\n\t\t\t\t\t\t\t<div class=\"elementor-spacer\">\n\t\t\t<div class=\"elementor-spacer-inner\"><\/div>\n\t\t<\/div>\n\t\t\t\t\t\t<\/div>\n\t\t\t\t<\/div>\n\t\t\t\t\t<\/div>\n\t\t<\/div>\n\t\t\t\t\t<\/div>\n\t\t<\/section>\n\t\t\t\t<\/div>\n\t\t","protected":false},"excerpt":{"rendered":"<p>Angehende Land- und Energiewirte In Kooperation mit den Berufsschulen des Landes im Rahmen der dualen Berufsbildung als Schulversuch und Einbindung in den schulischen Regelbetrieb. Ausbildung von P\u00e4dagogen f\u00fcr die Lehre von Anlagenmanagern Um den sicheren und wirtschaftlichen Betrieb von Biogasanlagen in Deutschland und weltweit auch in Zukunft sicherzustellen, werden zuk\u00fcnftige P\u00e4dagogen und Dozenten f\u00fcr den [&hellip;]<\/p>\n","protected":false},"author":2,"featured_media":1228,"parent":0,"menu_order":0,"comment_status":"closed","ping_status":"closed","template":"","meta":{"footnotes":""},"class_list":["post-21","page","type-page","status-publish","has-post-thumbnail","hentry"],"yoast_head":"<!-- This site is optimized with the Yoast SEO plugin v27.5 - https:\/\/yoast.com\/product\/yoast-seo-wordpress\/ -->\n<title>Ausbildung - mele Akademie<\/title>\n<meta name=\"robots\" content=\"noindex, follow, max-snippet:-1, max-image-preview:large, max-video-preview:-1\" \/>\n<meta property=\"og:locale\" content=\"de_DE\" \/>\n<meta property=\"og:type\" content=\"article\" \/>\n<meta property=\"og:title\" content=\"Ausbildung - mele Akademie\" \/>\n<meta property=\"og:description\" content=\"Angehende Land- und Energiewirte In Kooperation mit den Berufsschulen des Landes im Rahmen der dualen Berufsbildung als Schulversuch und Einbindung in den schulischen Regelbetrieb. Ausbildung von P\u00e4dagogen f\u00fcr die Lehre von Anlagenmanagern Um den sicheren und wirtschaftlichen Betrieb von Biogasanlagen in Deutschland und weltweit auch in Zukunft sicherzustellen, werden zuk\u00fcnftige P\u00e4dagogen und Dozenten f\u00fcr den [&hellip;]\" \/>\n<meta property=\"og:url\" content=\"https:\/\/www.mele.de\/akademie\/ausbildung\/\" \/>\n<meta property=\"og:site_name\" content=\"mele Akademie\" \/>\n<meta property=\"article:modified_time\" content=\"2023-08-13T07:32:25+00:00\" \/>\n<meta property=\"og:image\" content=\"https:\/\/www.mele.de\/akademie\/wp-content\/uploads\/2022\/09\/kenny-eliason-1-aA2Fadydc-unsplash.jpg\" \/>\n\t<meta property=\"og:image:width\" content=\"2400\" \/>\n\t<meta property=\"og:image:height\" content=\"1600\" \/>\n\t<meta property=\"og:image:type\" content=\"image\/jpeg\" \/>\n<meta name=\"twitter:card\" content=\"summary_large_image\" \/>\n<meta name=\"twitter:label1\" content=\"Gesch\u00e4tzte Lesezeit\" \/>\n\t<meta name=\"twitter:data1\" content=\"1\u00a0Minute\" \/>\n<script type=\"application\/ld+json\" class=\"yoast-schema-graph\">{\"@context\":\"https:\\\/\\\/schema.org\",\"@graph\":[{\"@type\":\"WebPage\",\"@id\":\"https:\\\/\\\/www.mele.de\\\/akademie\\\/ausbildung\\\/\",\"url\":\"https:\\\/\\\/www.mele.de\\\/akademie\\\/ausbildung\\\/\",\"name\":\"Ausbildung - mele Akademie\",\"isPartOf\":{\"@id\":\"https:\\\/\\\/www.mele.de\\\/akademie\\\/#website\"},\"primaryImageOfPage\":{\"@id\":\"https:\\\/\\\/www.mele.de\\\/akademie\\\/ausbildung\\\/#primaryimage\"},\"image\":{\"@id\":\"https:\\\/\\\/www.mele.de\\\/akademie\\\/ausbildung\\\/#primaryimage\"},\"thumbnailUrl\":\"https:\\\/\\\/www.mele.de\\\/akademie\\\/wp-content\\\/uploads\\\/2022\\\/09\\\/kenny-eliason-1-aA2Fadydc-unsplash.jpg\",\"datePublished\":\"2022-02-08T09:08:01+00:00\",\"dateModified\":\"2023-08-13T07:32:25+00:00\",\"breadcrumb\":{\"@id\":\"https:\\\/\\\/www.mele.de\\\/akademie\\\/ausbildung\\\/#breadcrumb\"},\"inLanguage\":\"de\",\"potentialAction\":[{\"@type\":\"ReadAction\",\"target\":[\"https:\\\/\\\/www.mele.de\\\/akademie\\\/ausbildung\\\/\"]}]},{\"@type\":\"ImageObject\",\"inLanguage\":\"de\",\"@id\":\"https:\\\/\\\/www.mele.de\\\/akademie\\\/ausbildung\\\/#primaryimage\",\"url\":\"https:\\\/\\\/www.mele.de\\\/akademie\\\/wp-content\\\/uploads\\\/2022\\\/09\\\/kenny-eliason-1-aA2Fadydc-unsplash.jpg\",\"contentUrl\":\"https:\\\/\\\/www.mele.de\\\/akademie\\\/wp-content\\\/uploads\\\/2022\\\/09\\\/kenny-eliason-1-aA2Fadydc-unsplash.jpg\",\"width\":2400,\"height\":1600},{\"@type\":\"BreadcrumbList\",\"@id\":\"https:\\\/\\\/www.mele.de\\\/akademie\\\/ausbildung\\\/#breadcrumb\",\"itemListElement\":[{\"@type\":\"ListItem\",\"position\":1,\"name\":\"Startseite\",\"item\":\"https:\\\/\\\/www.mele.de\\\/akademie\\\/\"},{\"@type\":\"ListItem\",\"position\":2,\"name\":\"Ausbildung\"}]},{\"@type\":\"WebSite\",\"@id\":\"https:\\\/\\\/www.mele.de\\\/akademie\\\/#website\",\"url\":\"https:\\\/\\\/www.mele.de\\\/akademie\\\/\",\"name\":\"mele Akademie\",\"description\":\"\",\"publisher\":{\"@id\":\"https:\\\/\\\/www.mele.de\\\/akademie\\\/#organization\"},\"potentialAction\":[{\"@type\":\"SearchAction\",\"target\":{\"@type\":\"EntryPoint\",\"urlTemplate\":\"https:\\\/\\\/www.mele.de\\\/akademie\\\/?s={search_term_string}\"},\"query-input\":{\"@type\":\"PropertyValueSpecification\",\"valueRequired\":true,\"valueName\":\"search_term_string\"}}],\"inLanguage\":\"de\"},{\"@type\":\"Organization\",\"@id\":\"https:\\\/\\\/www.mele.de\\\/akademie\\\/#organization\",\"name\":\"Walther & Partner - Ingenieurb\u00fcro f\u00fcr Haus- und Versorgungstechnik GmbH\",\"url\":\"https:\\\/\\\/www.mele.de\\\/akademie\\\/\",\"logo\":{\"@type\":\"ImageObject\",\"inLanguage\":\"de\",\"@id\":\"https:\\\/\\\/www.mele.de\\\/akademie\\\/#\\\/schema\\\/logo\\\/image\\\/\",\"url\":\"https:\\\/\\\/www.mele.de\\\/akademie\\\/wp\\\/wp-content\\\/uploads\\\/2022\\\/02\\\/wp_logo.png\",\"contentUrl\":\"https:\\\/\\\/www.mele.de\\\/akademie\\\/wp\\\/wp-content\\\/uploads\\\/2022\\\/02\\\/wp_logo.png\",\"width\":354,\"height\":107,\"caption\":\"Walther & Partner - Ingenieurb\u00fcro f\u00fcr Haus- und Versorgungstechnik GmbH\"},\"image\":{\"@id\":\"https:\\\/\\\/www.mele.de\\\/akademie\\\/#\\\/schema\\\/logo\\\/image\\\/\"}}]}<\/script>\n<!-- \/ Yoast SEO plugin. -->","yoast_head_json":{"title":"Ausbildung - mele Akademie","robots":{"index":"noindex","follow":"follow","max-snippet":"max-snippet:-1","max-image-preview":"max-image-preview:large","max-video-preview":"max-video-preview:-1"},"og_locale":"de_DE","og_type":"article","og_title":"Ausbildung - mele Akademie","og_description":"Angehende Land- und Energiewirte In Kooperation mit den Berufsschulen des Landes im Rahmen der dualen Berufsbildung als Schulversuch und Einbindung in den schulischen Regelbetrieb. Ausbildung von P\u00e4dagogen f\u00fcr die Lehre von Anlagenmanagern Um den sicheren und wirtschaftlichen Betrieb von Biogasanlagen in Deutschland und weltweit auch in Zukunft sicherzustellen, werden zuk\u00fcnftige P\u00e4dagogen und Dozenten f\u00fcr den [&hellip;]","og_url":"https:\/\/www.mele.de\/akademie\/ausbildung\/","og_site_name":"mele Akademie","article_modified_time":"2023-08-13T07:32:25+00:00","og_image":[{"width":2400,"height":1600,"url":"https:\/\/www.mele.de\/akademie\/wp-content\/uploads\/2022\/09\/kenny-eliason-1-aA2Fadydc-unsplash.jpg","type":"image\/jpeg"}],"twitter_card":"summary_large_image","twitter_misc":{"Gesch\u00e4tzte Lesezeit":"1\u00a0Minute"},"schema":{"@context":"https:\/\/schema.org","@graph":[{"@type":"WebPage","@id":"https:\/\/www.mele.de\/akademie\/ausbildung\/","url":"https:\/\/www.mele.de\/akademie\/ausbildung\/","name":"Ausbildung - mele Akademie","isPartOf":{"@id":"https:\/\/www.mele.de\/akademie\/#website"},"primaryImageOfPage":{"@id":"https:\/\/www.mele.de\/akademie\/ausbildung\/#primaryimage"},"image":{"@id":"https:\/\/www.mele.de\/akademie\/ausbildung\/#primaryimage"},"thumbnailUrl":"https:\/\/www.mele.de\/akademie\/wp-content\/uploads\/2022\/09\/kenny-eliason-1-aA2Fadydc-unsplash.jpg","datePublished":"2022-02-08T09:08:01+00:00","dateModified":"2023-08-13T07:32:25+00:00","breadcrumb":{"@id":"https:\/\/www.mele.de\/akademie\/ausbildung\/#breadcrumb"},"inLanguage":"de","potentialAction":[{"@type":"ReadAction","target":["https:\/\/www.mele.de\/akademie\/ausbildung\/"]}]},{"@type":"ImageObject","inLanguage":"de","@id":"https:\/\/www.mele.de\/akademie\/ausbildung\/#primaryimage","url":"https:\/\/www.mele.de\/akademie\/wp-content\/uploads\/2022\/09\/kenny-eliason-1-aA2Fadydc-unsplash.jpg","contentUrl":"https:\/\/www.mele.de\/akademie\/wp-content\/uploads\/2022\/09\/kenny-eliason-1-aA2Fadydc-unsplash.jpg","width":2400,"height":1600},{"@type":"BreadcrumbList","@id":"https:\/\/www.mele.de\/akademie\/ausbildung\/#breadcrumb","itemListElement":[{"@type":"ListItem","position":1,"name":"Startseite","item":"https:\/\/www.mele.de\/akademie\/"},{"@type":"ListItem","position":2,"name":"Ausbildung"}]},{"@type":"WebSite","@id":"https:\/\/www.mele.de\/akademie\/#website","url":"https:\/\/www.mele.de\/akademie\/","name":"mele Akademie","description":"","publisher":{"@id":"https:\/\/www.mele.de\/akademie\/#organization"},"potentialAction":[{"@type":"SearchAction","target":{"@type":"EntryPoint","urlTemplate":"https:\/\/www.mele.de\/akademie\/?s={search_term_string}"},"query-input":{"@type":"PropertyValueSpecification","valueRequired":true,"valueName":"search_term_string"}}],"inLanguage":"de"},{"@type":"Organization","@id":"https:\/\/www.mele.de\/akademie\/#organization","name":"Walther & Partner - Ingenieurb\u00fcro f\u00fcr Haus- und Versorgungstechnik GmbH","url":"https:\/\/www.mele.de\/akademie\/","logo":{"@type":"ImageObject","inLanguage":"de","@id":"https:\/\/www.mele.de\/akademie\/#\/schema\/logo\/image\/","url":"https:\/\/www.mele.de\/akademie\/wp\/wp-content\/uploads\/2022\/02\/wp_logo.png","contentUrl":"https:\/\/www.mele.de\/akademie\/wp\/wp-content\/uploads\/2022\/02\/wp_logo.png","width":354,"height":107,"caption":"Walther & Partner - Ingenieurb\u00fcro f\u00fcr Haus- und Versorgungstechnik GmbH"},"image":{"@id":"https:\/\/www.mele.de\/akademie\/#\/schema\/logo\/image\/"}}]}},"_links":{"self":[{"href":"https:\/\/www.mele.de\/akademie\/wp-json\/wp\/v2\/pages\/21","targetHints":{"allow":["GET"]}}],"collection":[{"href":"https:\/\/www.mele.de\/akademie\/wp-json\/wp\/v2\/pages"}],"about":[{"href":"https:\/\/www.mele.de\/akademie\/wp-json\/wp\/v2\/types\/page"}],"author":[{"embeddable":true,"href":"https:\/\/www.mele.de\/akademie\/wp-json\/wp\/v2\/users\/2"}],"replies":[{"embeddable":true,"href":"https:\/\/www.mele.de\/akademie\/wp-json\/wp\/v2\/comments?post=21"}],"version-history":[{"count":93,"href":"https:\/\/www.mele.de\/akademie\/wp-json\/wp\/v2\/pages\/21\/revisions"}],"predecessor-version":[{"id":1300,"href":"https:\/\/www.mele.de\/akademie\/wp-json\/wp\/v2\/pages\/21\/revisions\/1300"}],"wp:featuredmedia":[{"embeddable":true,"href":"https:\/\/www.mele.de\/akademie\/wp-json\/wp\/v2\/media\/1228"}],"wp:attachment":[{"href":"https:\/\/www.mele.de\/akademie\/wp-json\/wp\/v2\/media?parent=21"}],"curies":[{"name":"wp","href":"https:\/\/api.w.org\/{rel}","templated":true}]}}